is x(q)?
-1
Let k(l) be the second derivative of -l**8/6720 + l**7/315 - l**6/120 - l**5/15 - 3*l**4 - 45*l. Let y(q) be the third derivative of k(q). Give y(7).
-1
Let p(y) = -y**2 - y + 4. Let b(a) = -a**2 + 9*a + 2. Let s be b(9). Let c be 2 - (6/s - 11). Suppose 5*n + 30 = c. Give p(n).
-8
Let o(u) = -2 - 20*u + 11*u + 13*u. Let v be o(3). Suppose 9*i - v = 11*i. Let y(s) = -s**2 - 6*s + 1. Calculate y(i).
6
Let x(z) = -z. Let m(l) = 14*l. Let n(a) = 2*m(a) + 36*x(a). Let w be (-3 - -3) + (4 - 2). Suppose 0 = -4*u - 8, -2*u = -5*d + w*u + 13. Calculate n(d).
-8
Let w(c) = 0*c**2 + 7*c + c + 6 - 6*c - c**2. What is w(-4)?
-18
Let j(g) = g - 2*g**2 - g - g + 2*g. Let b be (-20)/(-6) - 2 - 2/(-3). What is j(b)?
-6
Suppose 0 = -5*b - 31 - 14. Let w(p) = 7*p**3 + 23*p**2 - 10*p - 7. Let r(u) = 3*u**3 + 11*u**2 - 5*u - 4. Let q(j) = b*r(j) + 4*w(j). Give q(6).
2
Let d be 3*(3 + (-4)/24*14). Let l(z) = 8 + 3*z**2 - 5 - 10*z**d + 6*z**2 + z. Determine l(0).
3
Let k(z) = 2*z**2 + 6 - 12*z + 5*z + z**2 - z**3 + 10*z - 1. Let v = -6 + 14. Let f = -4 + v. What is k(f)?
1
Let q(m) = -7*m**2 - 2*m - 3. Let k(h) = -h**2 - 2. Let x(o) = 2*k(o) - q(o). Suppose 0*f + 5 = 5*f. Give x(f).
6
Let o be (-146)/(-8) - 5/20. Let k = o + -14. Suppose 5*b - 3*x = 30, 2 = k*b + 3*x + 5. Let n(a) = -a**3 + 3*a**2 - 2*a + 3. Give n(b).
-3
Let u(l) = 10*l**2 + 2*l + 2. Let t be (1 + 3/(-2))/((-29)/(-116)). Calculate u(t).
38
Suppose -5*r + 50 = 2*j, 0 = 2*r + 4*j - 26 - 10. Suppose -25*o + r = -27*o. Let n(x) be the first derivative of -x**2 - 4*x - 2. Determine n(o).
4
Let t(o) = -10*o - 2. Suppose -3 - 1 = -g, 3*g = 4*c - 4. Suppose 7*s = 5*s - c. Give t(s).
18
Let z(c) = 9*c + 1. Let t(l) = 11*l - 6. Let f be t(3). Let h = -26 + f. What is z(h)?
10
Let m(o) = -3*o - 6. Let q be m(-6). Suppose -6*j + j - n = -4, 5*j + 3*n - q = 0. Let z(d) = j*d + d - 4*d - 3*d + d**2. What is z(5)?
-5
Let b be (-2)/(-10) + 408/85. Let p(s) = 4 - b*s + 4*s + s**2 + 8*s. Let a be 1/((3/5)/(-3)). What is p(a)?
-6
Let t = -30 + 27. Let o(v) = 4*v**2 + 5*v - 2. Let l(c) = -11*c**2 - 14*c + 6. Let k(x) = t*l(x) - 8*o(x). Determine k(-3).
1
Let o = 3601 + -3607. Let k(c) = -11 + 3 + 0*c - 4*c. Determine k(o).
16
Let s(f) = 188*f + 0*f**3 + 6*f**2 - 180*f - f**3. Suppose -5*l = -10*l + 35. Give s(l).
7
Suppose 3*x + 19 = 5*n - 16, -3*n - 4*x = 8. Suppose -n*c + 5*a - 11 = 18, 0 = -3*c + 4*a - 23. Let m(t) = 5*t - 1. What is m(c)?
-6
Let b = -1916 + 1921. Let o(g) = 5*g - 10. Calculate o(b).
15
Let m(r) = 7*r + 3. Suppose 12 = -0*c - 4*c. Calculate m(c).
-18
Let a(g) = g**3 + g**2 - 2*g + 4. Let x be (26/(-3))/(-3 + (-28)/(-12)). Suppose -11*v = -x*v - 6. What is a(v)?
-8
Suppose 0 = -2*y - 5 + 13. Suppose -c + 5*n = -2*c + 8, -3*c = -y*n - 5. Let p(t) = -1 + 5*t + c - 7*t**2 + t**2 + 7*t**2. What is p(-3)?
-4
Let f(m) = m**3 - 7*m**2 + 10*m - 1. Suppose 4*a + 21*r - 20*r = 11, -4*r - 36 = -4*a. What is f(a)?
-9
Let t(a) = -9*a**3 + a**2 - 4*a + 3. Suppose 0 = 2*v + s - 7, 0*s + 5*s - 15 = 0. Determine t(v).
-73
Let m = 927 + -926. Let n(r) = 29*r**3 - 5*r**2 + 7*r. Let h(q) = -15*q**3 + 3*q**2 - 4*q. Let a(b) = -7*h(b) - 4*n(b). Determine a(m).
-12
Let n(j) = -14*j + 7. Let c(k) = 15*k - 8. Let u(f) = -6*c(f) - 7*n(f). Determine u(-3).
-25
Let h(y) = 4*y**2 - 2*y + 1. Let j be h(1). Suppose f = j - 2. Suppose -o + 5*w + 5 = 4*o, 5*o + f = -w. Let l(g) = -g**3 + g**2 - 6. Calculate l(o).
-6
Let f(h) be the first derivative of -3*h**2 + 17*h - 669. Give f(5).
-13
Suppose 0 = 2*t - 3 - 1. Let y be (12*-1)/(3 - t). Let n = y - -6. Let c(h) = h**3 + 7*h**2 + 5*h - 7. Determine c(n).
-1
Let g(q) = 82*q**3 + 15*q - 19*q**3 - 22*q**3 - 15*q**2 - 7 - 20*q**3 - 20*q**3. What is g(14)?
7
Let a = -738 + 733. Let p(l) = 7*l + 32. Calculate p(a).
-3
Let f(y) = 8*y + 1. Suppose q - 128 = -124. Calculate f(q).
33
Let k(p) = p**3 - p**2 - 1. Let t be k(2). Let f(i) = 2*i + 4*i**2 + 3 + 0*i**t + 0*i**3 - 7 - i**3. Determine f(3).
11
Suppose 4*l - 2*a - 6 = 0, 5*a + 3 = -3*l - 12. Suppose 2*j + 4 - 6 = l. Let p(r) = -7*r**3 + 2*r**2 - 2*r + 1. Calculate p(j).
-6
Let l be 2/(-1 - 3)*-4. Let x(u) = 5*u**l + 0*u**2 + 0*u**2 + 2*u - 5 - u**3. Let h be x(5). Let q(r) = -r**2 + 6*r + 2. Determine q(h).
7
Let d(s) be the second derivative of -7*s**3/6 + s**2/2 + 3*s - 5. Determine d(2).
-13
Let t be 4 + -5 + 5 - 2. Let g(j) = -1363*j**2 - 2 + 3*j + 1359*j**t - j**3 - 3. Suppose 0 = -4*v + 8 - 28. Give g(v).
5
Suppose -12 = -c + 5*q - 2*q, -5*c + 4 = -q. Suppose c = -j - 0*j. Let p(w) = w + 6. Give p(j).
6
Let a(k) be the third derivative of -k**7/840 - k**6/360 + k**5/30 + k**4/12 + 5*k**3/6 + 38*k**2. Let s(d) be the first derivative of a(d). Determine s(-3).
8
Let t(v) = 0*v + 3*v + v + 0*v. Suppose 0 = -0*u - 2*u + 4. Suppose u*s - 26 = -n - 4*n, -5*s - 3*n + 27 = 0. Give t(s).
12
Let l(t) = 2*t**2 + 3*t + 2. Let p = -369 + 365. Determine l(p).
22
Let c(d) be the second derivative of d**5/20 + d**4/2 + d**3/2 + 3*d**2/2 + 10*d + 9. Give c(-6).
-15
Let z(y) = -y**2 - 13*y - 24. Let j(o) = 3*o**3 - 31*o**2 + 9*o - 1. Let b be j(10). What is z(b)?
-2
Let g(o) = o + 2. Let h = 5 + 10. Suppose -2*b - 3*b = -h. Suppose -1 - 17 = -b*j. Determine g(j).
8
Let n(x) = x**2 + 2*x + 1. Let s(y) = -3*y**2 - 5*y + 4. Let d = -2 + 3. Let f be s(d). Determine n(f).
9
Let j(n) = -n - 2. Let s be j(-7). Let w(o) = 4*o - o + 10 - 14 + 0*o. Determine w(s).
11
Suppose -160 = 5*h + 40. Let i = h - -33. Let s(f) = -f**3 - 7*f**2 + 2*f + 2. Give s(i).
-12
Suppose 49*d - 90 = 253. Let q(w) = w - 11. Give q(d).
-4
Suppose 5*s - 2*s = 33. Let q(y) = y**3 - 12*y**2 + 12*y - 16. Let z be q(s). Let j(i) = -i**2 - 5*i + 4. Give j(z).
4
Let y(a) = -25*a**3 + 11*a**2 + 7*a - 2. Let s = -30 - -23. Let z(d) = -12*d**3 + 6*d**2 + 4*d - 1. Let p(k) = s*z(k) + 4*y(k). What is p(1)?
-15
Let j = -4 + 3. Let p(b) = 7*b**2 + 3*b. Let h(x) = -11*x**2 - 5*x. Suppose 4*w + 2*o + 36 = -2*o, 0 = 2*o + 2. Let d(a) = w*p(a) - 5*h(a). Give d(j).
-2
Let w be 40/(-4)*8/(-10). Suppose -w*v = -4*v + 8. Let m(t) be the first derivative of t**4/2 + t**3/3 - t - 4. What is m(v)?
-13
Suppose -2*i = -d + 8, 0*i + 15 = -5*i. Let w(n) = 7 + 5 - n**d + 6*n - 6 + 0. Give w(7).
-1
Let w(d) = -8*d - 1. Let q(b) = -7*b - 2. Let g(s) = -2*q(s) + 3*w(s). Let z(i) = -i. Let f(j) = -g(j) + 2*z(j). Determine f(1).
7
Let l(s) = -4*s. Let u be l(4). Let y = u - -16. Suppose g = 3*h - 0*g - 15, -4*h + 2*g + 20 = y. Let n(z) = -z**2 + 7*z - 2. Determine n(h).
8
Let r(x) = x**3 - 13*x**2 + 11*x + 17. Let k be 7 - (-6 - 2) - (-3)/(-1). Determine r(k).
5
Let x(k) = -2*k**3 + k**2 + k + 1. Let c(d) = -13*d**3 + 16*d**2 + 12*d + 9. Let q(n) = -c(n) + 7*x(n). What is q(-9)?
43
Suppose -4 - 6 = -5*g. Let n(f) = 9 - f - 22 + 4 + 10 + g*f**2. Let i be ((-6)/4)/(6/8). Determine n(i).
11
Let n(k) = k**2 - 4*k - 3. Let h be (8/6)/(4/18). Suppose 53 = -3*r + 4*a, 0 = -r + a - h*a - 5. Let l be (-3)/r + (-76)/(-20). What is n(l)?
-3
Let n(c) be the first derivative of -c**2 - 11*c - 77. What is n(-8)?
5
Let a = -67 - -109. Suppose 12*o - 6*o + a = 0. Let n(r) = r**2 + 5*r + 8. What is n(o)?
22
Let z(w) = 3*w**2 + 1. Suppose -11*a + 12*a = -k + 15, 2*a = 4. Suppose 2*f = 2*n - 30, -33 = -2*n - 0*f + 3*f. Let d = n - k. Calculate z(d).
4
Let y be 10*5/(-10) + 3. Let b(l) be the first derivative of 2*l**3/3 + l**2 + 3*l + 9. Calculate b(y).
7
Let f(t) = -t**3 + 7*t**2 - 9*t + 8. Let h = 17 - 7. Suppose -2*s + u = -14 - 0, 3*s = -4*u + h. Determine f(s).
-10
Let j(i) be the third derivative of -1/120*i**6 - 1/60*i**5 + 0*i - 1/6*i**3 + 0 + 8*i**2 - 1/24*i**4. Let f be j(0). Let g(s) = -s - 2. Calculate g(f).
-1
Let r(l) = -2*l**2 - 4*l. Let t be 24/(36/3) - (-1 + 0). Determine r(t).
-30
Let f(g) be the second derivative of -g**4/24 + g**3/3 + 19*g**2/2 + 3*g. Let l(p) be the first derivative of f(p). What is l(-5)?
7
Let l = -22801 - -22806. Let p(r) be the second derivative of r**6/360 - r**5/40 - r**4/8 + r**3/3 + r. Let s(f) be the second derivative of p(f). What is s(l)?
7
Let o = 13 + -7. Suppose -2*i + 54 = -4*m, m - 53 = -2*i + 6*m. Let d(r) = 2*r + r**2 - 24 + i - 10*r. Give d(o).
-7
Let x(q) = -1. Let g(n) = n - 4. Suppose -32*i = -35*i - 6. Let r(v) = i*x(v) + g(v). Let z = 0 - 6. Give r(z).
